*d + 2 + 0 = 2*u. Let q be 63/15 + u/5. Calculate the greatest common factor of 1 and q.
1
Suppose 5*v = 5*i - 3*i - 511, 4*v = 5*i - 1235. Let n = i + -419. Let u be ((-18)/(-8))/((-11)/n). Calculate the highest common factor of u and 24.
12
Let f(k) = k**3 + 2*k**2 + 10. Let s be f(0). Let i be ((-25)/3)/(2/(-6)). Calculate the greatest common divisor of i and s.
5
Let y(n) be the first derivative of 199*n**3/3 + n**2/2 + 7. Let f be y(-1). What is the greatest common divisor of 18 and f?
18
Suppose 0 = -3*b + 4 + 5. Suppose b*g = -g + 12. Suppose v = g*v - 10. What is the highest common divisor of v and 55?
5
Let h(a) = a**2 - 4*a + 3. Suppose -5*d + 4*d + 5 = 0. Let w be h(d). What is the greatest common factor of 24 and w?
8
Let h = -12 + 9. Let o(y) = y**2 - 2*y - 4. Let t be o(h). Calculate the highest common factor of t and 44.
11
Let q = 6 - 6. Let o = 1 - q. Suppose -o - 13 = -2*h. Calculate the highest common divisor of 21 and h.
7
Let l be 0/4 - 1*-2. Let n = 1 - l. Let b be n/(-2 - -1 - 0). Calculate the greatest common factor of b and 8.
1
Let w(z) = z**2 - z + 1. Let t be w(5). What is the greatest common factor of 3 and t?
3
Let h(n) = -n**3 - 19*n**2 - 22*n + 13. Let z be h(-18). Let g(b) = b**3 + 7*b**2 + 8*b + 7. Let t be g(-5). Calculate the highest common factor of t and z.
17
Suppose -8 = -3*v + 1. Let k be 62/2 + 5 + -3. What is the greatest common divisor of v and k?
3
Let j(r) = r**3 + 11*r**2 + 11*r - 9. Let d be j(-9). Suppose 0 = -2*w + o + 29, -4*w - 2*o + d = -0*w. What is the highest common factor of 21 and w?
7
Let k = 2 - -2. Suppose -188 = -k*d - 5*g - 53, 2*d - 3*g - 73 = 0. Suppose -r - 4*r = -d. Calculate the highest common factor of 35 and r.
7
Let f be (32/(-12))/((-2)/135). What is the greatest common divisor of f and 18?
18
Let a be 0/((1 + 1)/1). Let h be 6 - a/(-1 + 3). What is the greatest common divisor of h and 9?
3
Let z be 49 + 2 + (-3 - 0). Let i be 2/(z/(-28) + 2). What is the highest common factor of i and 35?
7
Let k = 6 + -3. Let d(v) = 8*v**2 - 8*v**2 - 23*v**k. Let i be d(-1). Calculate the highest common factor of i and 207.
23
Let d(b) = 6*b**2 + 11*b - 7. Let g be d(5). What is the greatest common factor of 22 and g?
22
Suppose -3*q + q - 4*x = -22, 2*x = 8. Let n(u) = -2 - q - u - u. Let d be n(-5). What is the highest common divisor of 45 and d?
5
Let r = 53 + -35. Suppose -t + 7*u - 3*u = -r, -u - 42 = -4*t. Calculate the highest common factor of 30 and t.
10
Suppose 0 = -0*d - d - 4*u + 40, 0 = -2*d + 3*u + 36. What is the greatest common factor of d and 16?
8
Let w = -42 - 31. Let f = w - -103. Calculate the highest common divisor of f and 6.
6
Let i(c) = -c**2 + 2*c - 1. Let w be i(2). Let o be (4 + w)*(-11)/(-3). Let m = 20 + 13. Calculate the greatest common divisor of o and m.
11
Suppose -6*i = -54 - 108. Let t = i + -19. What is the greatest common factor of 32 and t?
8
Suppose 0 = p - 2*p + 121. Calculate the greatest common factor of p and 11.
11
Let b(p) = p**3 - 8*p**2 + 9*p - 5. Suppose 0 = -0*t + 2*t - 14. Let v be b(t). What is the highest common factor of 1 and v?
1
Let x be 9 + 0 + 2 + -2 - -3. What is the highest common divisor of x and 156?
12
Let y = 129 + -186. Suppose -2*n + 5*b = 4*b + 204, -309 = 3*n - 3*b. Let p = y - n. What is the greatest common divisor of 11 and p?
11
Let r(f) = 6*f - 1. Let d(y) = -5*y + 1. Let p(l) = 7*d(l) + 6*r(l). Let n be p(1). Let v be (1 + (-9)/n)*-4. Calculate the highest common divisor of 112 and v.
14
Suppose -4*c + 3*c + 3 = 0. Suppose -c*m - 4 = -16. What is the greatest common factor of m and 4?
4
Let m be (2/(-3))/(2/(-15)). Suppose 0 = -c - 4*x + 3 + 24, m*c = 3*x + 135. What is the highest common factor of 3 and c?
3
Let f be ((-20)/(-24)*4)/(2/33). Calculate the greatest common divisor of 11 and f.
11
Suppose 3*u + 44 = -u. Let r(c) = c**2 + 11*c + 14. Let j be r(u). What is the highest common factor of 7 and j?
7
Let a = 105 - 0. Let p(n) = n**2 + 4. Let s be p(0). Suppose 16 + 44 = s*v. What is the greatest common divisor of a and v?
15
Suppose 0*h + 2*h + 2*a - 12 = 0, a = 4*h - 34. Suppose -2*v + 22 - h = 0. Let x = -111 - -174. Calculate the highest common factor of v and x.
7
Let n be 0 - ((-63)/3 + -2). Suppose -73 = -4*j + n. Calculate the greatest common divisor of 60 and j.
12
Suppose 5*c = -4*p + 96, -5*p - 21 = -3*c + 7. Let q = c - 11. What is the highest common divisor of q and 35?
5
Suppose 4*x - 242 = 2*x. What is the highest common divisor of x and 11?
11
Suppose -2 = h - 3*v, h = -4*h - 2*v + 41. Calculate the greatest common divisor of 133 and h.
7
Let g(z) = 25*z + 2. Let t be g(3). What is the highest common divisor of t and 7?
7
Let b = 18 + 0. Suppose -i = -0*i - b. Calculate the greatest common factor of 90 and i.
18
Let d be -1 - -121 - (1 - -2). Let c(m) be the third derivative of -m**4/8 - 5*m**3/6 - m**2. Let i be c(-6). What is the highest common divisor of i and d?
13
Suppose -2*o - 46 = -3*b + 103, 5*o + 250 = 5*b. Let h = b + -19. What is the greatest common factor of h and 6?
6
Let k(a) = a**3 + 5*a**2 - 6*a + 13. Let g be k(-6). What is the greatest common divisor of 117 and g?
13
Let v(z) = 2*z**3 - 3*z**2 + z + 2. Let n be v(2). Calculate the highest common divisor of n and 4.
4
Let u(f) = -f - 5. Let k be u(5). Let b = 25 + -11. Let c = b - k. Calculate the highest common divisor of 36 and c.
12
Suppose 0 = d - 53 - 11. Let u = -5 - -13. Calculate the highest common divisor of u and d.
8
Suppose -6*o + 178 - 34 = 0. Let a = 32 - 16. What is the highest common factor of a and o?
8
Let i = 152 - 138. What is the greatest common factor of 56 and i?
14
Let f(y) = 2*y**2 - 48*y + 62. Let h be f(25). Suppose 3*i = 66 + 81. Let r be i/3 - (-2)/(-6). What is the greatest common divisor of h and r?
16
Suppose f + 3 = 4*s - 3, -5*s = -5*f. Suppose -15 = -3*i, -s*o = 8*i - 3*i - 19. Let k = o - -8. Calculate the highest common factor of 40 and k.
5
Suppose 2*w = 0, -4*b + 0*w + 3*w + 448 = 0. Calculate the greatest common factor of 14 and b.
14
Suppose 2*u = -8, 209 = 3*m - 2*u + 75. Let s(h) = -2*h**2 + h + 28. Let t be s(0). What is the highest common factor of m and t?
14
Let v = 52 - 14. What is the highest common divisor of 95 and v?
19
Let y be (12/3)/(-4) + 6. What is the greatest common factor of y and 35?
5
Let p(l) = 8*l**2 - 13*l + 7. Let x be p(7). What is the highest common factor of x and 28?
28
Suppose -4*y - 71 = -3*h, -89 = 5*y - 0*y - 4*h. Let s be y/(-3) - (-2)/(-3). What is the highest common factor of 1 and s?
1
Let y be 45/72*4 - (-11)/2. Suppose a + 2*s = 31 + 33, -5*s = 20. What is the highest common divisor of y and a?
8
Let q = 97 - 27. Suppose -q = 4*t - 262. Calculate the greatest common divisor of 6 and t.
6
Let w = -11 + 16. Suppose -4*u = 4*s - 380, 4*u + w*s - 392 = 4*s. Calculate the highest common factor of 11 and u.
11
Let i be 5/25 - (-598)/10. Calculate the greatest common factor of 15 and i.
15
Suppose 0 = -4*s + 17 + 3. Calculate the highest common factor of s and 2.
1
Suppose 3*d - 35 = -4*d. Suppose -280 = -5*k - 30. What is the highest common divisor of k and d?
5
Let l be (0 + 1)/((-1)/(-2)). Let a be l*((-30)/4)/(-3). Suppose 170 = -n + a*n - v, 5*v = 3*n - 136. What is the greatest common divisor of 28 and n?
14
Let p be 0 - (1 - 0 - 78). Suppose -4*n + 6*n + i - 22 = 0, -5*n + i + 55 = 0. Calculate the greatest common divisor of n and p.
11
Let m(n) = n**2 + 4*n + 3. Let z be m(-11). Suppose -4*q + 296 = 2*f, 2*f = -q - 0*f + z. What is the greatest common divisor of 8 and q?
8
Let k = 1 - -3. Suppose 3 + 9 = k*n. Let t be (-46)/((-3)/n) - 1. What is the greatest common divisor of 18 and t?
9
Suppose 4*h + 5 = 33. Suppose -5*w = -5*x + 45, 4*x + 2*w + 3*w - 18 = 0. Calculate the highest common divisor of h and x.
7
Let d be 60/(-9)*(-12)/(-5). Let h be (-5)/(-4)*d/(-4). What is the highest common divisor of 40 and h?
5
Let k = -5 - -7. Suppose 0 = -k*s - 4 + 14. Suppose -15 = -q + s*v, -3*v + 47 = 5*q - 0*v. Calculate the highest common factor of 30 and q.
10
Let x be (795/(-6))/(-5) + 3/6. What is the highest common divisor of 45 and x?
9
Let q = -3 - -55. Calculate the greatest common divisor of q and 26.
26
Suppose -5*o - 2 = f, -3*o - 3 = 9. 